*y - 25 = 0. What is the ten thousands digit of r?
4
Suppose -182*y = -183*y - 820. Let l = y - -1607. What is the hundreds digit of l?
7
Let w = 87717 - 33768. What is the ten thousands digit of w?
5
Suppose 18 = 11*c - 2*c. Suppose 4*f = c*s - f - 856, -s + 438 = -5*f. What is the tens digit of s?
1
Let z = 33636 - 26235. What is the hundreds digit of z?
4
Let v(k) = -4*k - 2 + 2*k + 11*k**2 - k**3 + 20 + 3*k. What is the tens digit of v(9)?
8
Let t(f) = 6*f**2 - 4*f - 1. Let u(g) = 5*g**2 - 4*g - 1. Let v(c) = 4*t(c) - 5*u(c). Let i be v(-1). What is the units digit of 3 - -6*(-18)/i?
0
Let c(i) = i**2 - 10*i + 8. Let v be c(4). Suppose 12 = -2*a + 90. Let u = a + v. What is the tens digit of u?
2
Suppose s - 18758 - 8051 = -3*k, -4*s + 107208 = 5*k. What is the units digit of s?
7
Suppose 2*f + 24*f - 104 = 0. What is the hundreds digit of -4 + 12 + f + 403?
4
Let x(s) = -48*s + 49. Let l be x(9). Let q = l + 609. What is the hundreds digit of q?
2
Suppose -2*v - 2*i = -7006, 14*v - 10*v - 3*i = 13991. What is the units digit of v?
0
Suppose 6*y + 8 = 8*y. Suppose 63 = 3*c + 3*m, -y*m = -5*c + m + 105. What is the units digit of 2884/c - 1/3?
7
Let n be 4/(-1 - (0 + 0) - 0). Let p(a) = a**3 + 5*a**2 + 4*a - 1. Let g be p(n). What is the units digit of g*5*-22 - 2?
8
Let p(c) be the first derivative of c**4 - c**3 - 6*c**2 + 9*c - 48. What is the tens digit of p(4)?
6
What is the thousands digit of (15224/(-865))/((-2)/2245)?
9
Let v(r) = -149*r - 125. What is the thousands digit of v(-30)?
4
Let s = 43 - 39. Suppose 3 = 3*j + s*w - 25, 3*w + 15 = 0. What is the units digit of 1*(16 - j/4)?
2
Let v(a) = 7*a**2 + 71*a + 785. What is the units digit of v(43)?
1
Suppose -3*h = -h - 400. Let g be (162/(-10))/(63/(-105)). Let a = h - g. What is the tens digit of a?
7
Let b = 12536 - 6503. What is the tens digit of b?
3
Let u(v) = 56*v**2 + 3*v + 1. Let n be u(-1). Let j = 34 - n. What is the tens digit of (-2)/(j/170 - (-94)/1088)?
6
Suppose -27891 - 21818 = -11*t. What is the tens digit of t?
1
Suppose -t - x + 21289 = 0, -30*t + 29*t + 21289 = -7*x. What is the ten thousands digit of t?
2
What is the thousands digit of 860818/38 - ((-30)/19)/(-15)?
2
Suppose 7*w - 9 = 12. Let r(v) = 6*v - 80. Let a(s) = 7*s - 79. Let y(m) = w*a(m) - 2*r(m). What is the tens digit of y(19)?
9
What is the thousands digit of (-2)/(2/(-2))*((-99081)/(-18) + -8)?
0
Let m be (4/(-10))/(((-5)/(-5))/(-80)). Let j = 32 - m. Suppose n = -n - 4*b + 20, j = -3*b - 12. What is the tens digit of n?
1
Suppose -8007984 = -22*t - 104*t - 96*t. What is the units digit of t?
2
What is the thousands digit of 8/(-32)*(-10 - 13530)?
3
Let r(j) = -21*j - 4. Let x be r(7). Let w = x - -39. Let m = 131 + w. What is the units digit of m?
9
Let l(h) = 100*h - 159. Let u be -1 + 0 - ((-128)/(-4))/(-8). What is the units digit of l(u)?
1
Suppose 0 = 5*j - 115 - 155. Let w(c) = 4*c**2 + 3*c. Let k be w(-2). Suppose -5*l - k = p, -5*p + 6 = 3*l - j. What is the tens digit of p?
1
Suppose 66*a - 67*a = -5, -3*a = 4*v - 58151. What is the hundreds digit of v?
5
Let t(u) = -4647*u**3 - 10*u**2 + 13*u + 17. What is the hundreds digit of t(-2)?
1
Suppose 0 = -4*d - 5*h + 54368, -2*d - 28*h + 25*h + 27186 = 0. What is the hundreds digit of d?
5
Let r be 5 + ((-210)/(-10))/(6/(-28)). Let b = r - -472. What is the units digit of b?
9
Let z(c) be the first derivative of -9*c**2 - 8 + 2*c + 3*c**3 + 1/4*c**4. What is the units digit of z(-10)?
2
Suppose -4*z + 33538 = -3*x, -3*z - 5*x - 4072 + 29240 = 0. What is the units digit of z?
6
What is the thousands digit of 2/(-16) + 5274982/688?
7
Suppose 6*s + 5*m = 5*s + 1815, -2*m + 5406 = 3*s. Suppose 10*r + s = 17030. What is the thousands digit of r?
1
Suppose 0 = 21*k + 59*k - 1438065 + 298065. What is the units digit of k?
0
Let k(t) = -2*t**2 - 17*t + 114. Let h be k(-13). What is the units digit of (16/h)/((-15)/810)?
8
Let f(v) = 7*v**2 - 6*v + 3. Let n be f(2). Suppose 4*b = -n + 31. Suppose b*a - 5*m - 228 = 48, 0 = 5*a + m - 460. What is the units digit of a?
2
Let b = 894 - 680. What is the tens digit of ((-14)/28)/((-1)/b)?
0
Suppose 0 = 4*l - 4*m - 6208, 6*l + 5*m - 7730 = l. What is the thousands digit of l?
1
Suppose 2*s = 9*s - 2100. Suppose -j = 4*j + s. Let l = j - -206. What is the units digit of l?
6
Suppose 2*c - 3*b = 50452, -2*c + 50444 = 71*b - 73*b. What is the hundreds digit of c?
2
Let p = -12401 - -18333. What is the thousands digit of p?
5
What is the tens digit of 11604*(0 - -1 - ((-22)/4 - -6))?
0
Let a = 2385 + -767. Suppose -6694 = -12*m - a. What is the hundreds digit of m?
4
Let v be (-7)/(-56)*-2 + (-34)/(-8). Suppose -r + 1240 = v*r. What is the tens digit of r?
4
Let k(o) = 3*o**2 + 12*o + 6. Let l be k(18). Let y = l - 571. What is the units digit of y?
3
Suppose -12052 = 5*w - 42427. What is the thousands digit of w?
6
Let a(l) = -4014*l + 513. Let h(y) = -321*y + 41. Let s(j) = -5*a(j) + 63*h(j). What is the units digit of s(-2)?
4
Let c(z) = z**3 + 6*z**2 + 3*z - 4. Let x(b) = -1 + 0*b**2 - 8*b - 2*b**2 + 6*b + 2. Let d be x(-2). What is the units digit of c(d)?
4
Suppose -5*i + f = -10, -10 = 4*i - 9*i + 2*f. Let o(h) = h - 6*h**2 + 9*h**i + 2*h**2 + 3*h**2 - 7. What is the tens digit of o(3)?
6
Suppose -20*w + 2 = -21*w. Let c(a) = 41*a**2 + 3*a + 2. Let o be c(w). Let m = -103 + o. What is the units digit of m?
7
Suppose -44 = -2*m + 3*y + 35, 4*m - 2*y - 138 = 0. Let a(z) = -z**2 + 50*z - 105. What is the units digit of a(m)?
1
Suppose -76950 = -2*i - 2*a, i - 4*a - 41734 + 3269 = 0. What is the units digit of i?
3
Suppose 20 + 29 = 7*m. Let c = 6 + m. What is the tens digit of (2/4)/(((-39)/(-1260))/c)?
1
Suppose -1253421 + 402077 = -52*x. What is the ten thousands digit of x?
1
Let t = 31455 - 22443. Suppose -28*r = -t + 2264. What is the units digit of r?
1
Suppose 542 = 3*h - 307. Let m = 383 - h. What is the hundreds digit of m?
1
Let d = -64 - -66. Suppose d*r = -3*p - 0*r + 48, -2*p + 16 = -4*r. Suppose -p*b + 17*b = 255. What is the units digit of b?
5
Suppose -x = -3*a - 3*x - 140, 2*a + 92 = -2*x. Let f = 138 + a. Let o = -4 + f. What is the units digit of o?
6
Let x(j) = j**3 + 19*j**2 - 7*j + 27. Let c be x(-12). Suppose 0 = -3*q + w + 2*w + c, q + 2*w - 373 = 0. What is the units digit of q?
3
Suppose 2*w - 8 = 0, -3*p - 5*w + 36 - 4 = 0. Suppose -2*h = -p*k - 3054, -576 - 941 = -h - 3*k. What is the thousands digit of h?
1
Let n(c) be the third derivative of c**6/120 - 2*c**5/15 - c**4/4 + c**3/6 + 5*c**2. Suppose -20*w = -0*w - 200. What is the hundreds digit of n(w)?
1
Let w = -2414 + 3126. What is the hundreds digit of w?
7
Let o = 5008 - 1624. What is the hundreds digit of o?
3
Let k(r) be the second derivative of -2*r**3 + 4*r**2 - 17*r. Let n be k(-3). Let s = 65 - n. What is the tens digit of s?
2
Let l(y) = 1436*y + 1283. What is the units digit of l(5)?
3
Suppose -15*a - 4 = -16*a. Suppose a*f + 3152 = 5*g, 3*g - g + 4*f - 1244 = 0. What is the units digit of g?
8
Suppose -8*s - 2812 = -12*s. Let p = 1946 - s. What is the hundreds digit of p?
2
Let q(x) = 39*x**2 - 2*x + 10. Let n be q(-3). Suppose -5*b + b + 12 = 0. Suppose 0 = b*u - 383 - n. What is the units digit of u?
0
Let t = -3328 + 5715. What is the thousands digit of t?
2
What is the ten thousands digit of (4/14)/((-31)/(-4094573))?
3
Let w = 1 - 4. Let y be 26/(-3)*(-2 - ((-1998)/12 + -2)). What is the tens digit of (-2)/(18/y) - (-1)/w?
6
Suppose 1034*m = 1036*m - 10190. What is the hundreds digit of m?
0
Suppose -3*o = -5*y - 5749, 382 = -2*o - 3*y + 4240. Suppose 4*d - o = 309. What is the units digit of d?
8
Let z = -1841 + 4573. What is the tens digit of z?
3
Let q(s) = -127*s + 75. Let c be q(-11). Let g = c + -333. What is the units digit of g?
9
Let o(c) = 93*c - 88. Let u(d) = -46*d + 45. Let r(i) = 6*o(i) + 11*u(i). What is the tens digit of r(1)?
1
Let y(d) = 5*d - 43. Let z be y(9). Suppose -v - 5*l + 65 = -123, 5*v - z*l = 805. Let r = 301 - v. What is the tens digit of r?
3
Let r = 970 + -375. What is the units digit of r?
5
Let h(a) = 13*a**3 - 7*a**2 + 16*a + 40. Let d(n) = -24*n**3 + 14*n**2 - 32*n - 79. Let l(f) = -6*d(f) - 11*h(f). What is the units digit of l(7)?
6
Let i(z) = z**3 - 3*z**2 - 5*z + 7.